{"id":472,"date":"2019-06-20T00:49:22","date_gmt":"2019-06-19T22:49:22","guid":{"rendered":"http:\/\/silverliningideas.com\/?page_id=472"},"modified":"2019-06-22T10:38:22","modified_gmt":"2019-06-22T08:38:22","slug":"tortenetem","status":"publish","type":"page","link":"https:\/\/silverliningideas.com\/index.php\/hu\/tortenetem\/","title":{"rendered":"T\u00f6rt\u00e9netem"},"content":{"rendered":"\n<h2>R\u00f3lam<\/h2>\n\n\n\n<p>Bagi Zsuzsanna vagyok \u00e9s szenved\u00e9llyel tanul\u00f3 embernek tartom magam. Hiszek az \u00e9lethosszig tart\u00f3 tanul\u00e1sban \u00e9s a folyamatos fejl\u0151d\u00e9sben. A mai gyorsan v\u00e1ltoz\u00f3 vil\u00e1gunkban az alapvet\u0151 boldogul\u00e1shoz sz\u00fcks\u00e9ges, hogy fejl\u0151d\u00e9si lehet\u0151s\u00e9geket keress\u00fcnk. Ma jobb szeretn\u00e9k lenni, mint tegnap voltam, holnap arra fogok t\u00f6rekedni, hogy m\u00e9g jobb lehessek, mint ma. Ez lehet, hogy klis\u00e9nek hangzik, azonban m\u00e9gis egy olyan dolog, amiben sz\u00edvb\u0151l hiszek. Ez motiv\u00e1lja a d\u00f6nt\u00e9seimet \u00e9s azt, hogy hogyan \u00e9s mivel t\u00f6lt\u00f6m a napjaim. Minden nap t\u00f6rekszem arra, hogy seg\u00edtsek m\u00e1soknak a fejl\u0151d\u00e9sben \u00e9s el\u00e9rni a c\u00e9ljaikat. A munk\u00e1m, hogy embereket fejlesszek. Csapatvezet\u0151k\u00e9nt ez val\u00f3ban benne van az \u00e1ll\u00e1sle\u00edr\u00e1somban, hogy segitsem a 17 f\u0151s csapatom. Azonban \u00e9n enn\u00e9l tov\u00e1bb megyek. K\u00e9szs\u00e9gfejleszt\u0151 tr\u00e9ningeket tartok a munk\u00e1mban \u00e9s azon k\u00edv\u00fcl is. Tov\u00e1bb\u00e1 coacholok a szabad kapacit\u00e1saimnak megfelel\u0151en. <\/p>\n\n\n\n<figure class=\"wp-block-image\"><img loading=\"lazy\" width=\"629\" height=\"354\" src=\"https:\/\/i2.wp.com\/silverliningideas.com\/wp-content\/uploads\/2019\/06\/IMG_3253.jpg?resize=629%2C354\" alt=\"\" class=\"wp-image-503\" srcset=\"https:\/\/i2.wp.com\/silverliningideas.com\/wp-content\/uploads\/2019\/06\/IMG_3253.jpg?resize=1024%2C576&amp;ssl=1 1024w, https:\/\/i2.wp.com\/silverliningideas.com\/wp-content\/uploads\/2019\/06\/IMG_3253.jpg?resize=300%2C169&amp;ssl=1 300w, https:\/\/i2.wp.com\/silverliningideas.com\/wp-content\/uploads\/2019\/06\/IMG_3253.jpg?resize=768%2C432&amp;ssl=1 768w, https:\/\/i2.wp.com\/silverliningideas.com\/wp-content\/uploads\/2019\/06\/IMG_3253.jpg?resize=900%2C506&amp;ssl=1 900w, https:\/\/i2.wp.com\/silverliningideas.com\/wp-content\/uploads\/2019\/06\/IMG_3253.jpg?resize=1280%2C720&amp;ssl=1 1280w, https:\/\/i2.wp.com\/silverliningideas.com\/wp-content\/uploads\/2019\/06\/IMG_3253.jpg?w=1887 1887w\" sizes=\"(max-width: 629px) 100vw, 629px\" data-recalc-dims=\"1\" \/><figcaption>Foto: Krizs\u00e1n Gabriella<\/figcaption><\/figure>\n\n\n\n<h2>Az utam\n<\/h2>\n\n\n\n<p>Mindig is szerettem \u00faj dolgokat tanulni, de beletelt n\u00e9h\u00e1ny \u00e9vbe, am\u00edg r\u00e1j\u00f6ttem, hogy azt szeretn\u00e9m, hogy a munk\u00e1m legyen magam \u00e9s m\u00e1sok fejleszt\u00e9se. Miut\u00e1n befejeztem a f\u0151iskolai tanulm\u00e1nyaim (nemzetk\u00f6zi gazd\u00e1lkod\u00e1s, BA) Olaszorsz\u00e1gba k\u00f6lt\u00f6ztem. M\u00e1sf\u00e9l \u00e9vig dolgoztam a helyi t\u00f6megk\u00f6zleked\u00e9si v\u00e1llalatn\u00e1l Savon\u00e1ban. Amikor hazaj\u00f6ttem Magyarorsz\u00e1gra, akkor egy\u00e9rtelm\u0171 volt sz\u00e1momra, hogy nem akarom elfelejteni az olasz nyelvet, ez\u00e9rt multinacion\u00e1lis v\u00e1llalatn\u00e1l helyezkedtem el. \u00dagy d\u00f6nt\u00f6ttem, hogy folytatom a tanulm\u00e1nyaim, \u00e9s elv\u00e9geztem a marketing mesterk\u00e9pz\u00e9st (MA). Nagyon \u00e9rdekelt a HR \u00e9s a tehets\u00e9gmenedzsment, de sok m\u00e1s ter\u00fclet is vonzott, \u00e9s nem tudtam, hogy mibe szeretn\u00e9k elm\u00e9lyedni. Csak n\u00e9ztem, ahogy a bar\u00e1taim megtal\u00e1lj\u00e1k \u00f6nmagukat a t\u00f6k\u00e9letes \u00e1ll\u00e1sukkal t\u00f6k\u00e9letes v\u00e1llalatokn\u00e1l, m\u00edg \u00e9n azzal k\u00fczd\u00f6ttem, hogy tal\u00e1ljak egy olyan munk\u00e1t, amit szenved\u00e9llyel tudok v\u00e9gezni. Egyszer r\u00e9szt vettem egy konfliktus kezel\u00e9s tr\u00e9ningen \u00e9s akkor hirtelen beugrott. R\u00e1j\u00f6ttem, hogy ez az, amit \u00e9n is akarok. Elkezdtem egyre t\u00f6bbet tanulni az emberek fejl\u0151d\u00e9s\u00e9r\u0151l \u00e9s fejleszt\u00e9s\u00e9r\u0151l. Sikeresen elv\u00e9geztem egy tr\u00e9ner \u00e9s coach tanfolyamot is. Kisebb \u00e9s nagyobb v\u00e1llalatokn\u00e1l is kipr\u00f3b\u00e1ltam magam, m\u00edg v\u00e9g\u00fcl megtal\u00e1ltam azt a helyet, ahol hosszabb t\u00e1von is tervezhetek. A napi munk\u00e1m mellett sok m\u00e1s projektbe is belefogtam mint p\u00e9ld\u00e1ul a bar\u00e1taim v\u00e1llalkoz\u00e1sainak a seg\u00edt\u00e9se, coaching \u00e9s nemr\u00e9g \u00f3ta blogot is ind\u00edtottam. Tavaly a TEDxBenedekHegy egyik el\u0151ad\u00f3j\u00e1nak v\u00e1lasztottak, mely Veszpr\u00e9mben ker\u00fclt megrendez\u00e9sre. Ez az\u00e9rt is volt nagy megtiszteltet\u00e9s a sz\u00e1momra, mert eredetileg veszpr\u00e9mi vagyok. <\/p>\n\n\n\n<h2><strong>K\u00e9rd\u00e9sed van?<\/strong><\/h2>\n\n\n\n<p>K\u00e9rdezz b\u00e1tran! Minden megkeres\u00e9sre v\u00e1laszolok.<\/p>\n\n\n\n<div class=\"wp-block-button is-style-default\"><a class=\"wp-block-button__link\" href=\"http:\/\/silverliningideas.com\/index.php\/kapcsolat\/\">\u00cdrok egy \u00fczenetet<\/a><\/div>\n\n\n\n<p><\/p>\n","protected":false},"excerpt":{"rendered":"<p>R\u00f3lam Bagi Zsuzsanna vagyok \u00e9s szenved\u00e9llyel tanul\u00f3 embernek tartom magam. Hiszek az \u00e9lethosszig tart\u00f3 tanul\u00e1sban \u00e9s a folyamatos fejl\u0151d\u00e9sben. A mai gyorsan v\u00e1ltoz\u00f3 vil\u00e1gunkban az alapvet\u0151 boldogul\u00e1shoz sz\u00fcks\u00e9ges, hogy fejl\u0151d\u00e9si lehet\u0151s\u00e9geket keress\u00fcnk. Ma jobb szeretn\u00e9k lenni, mint tegnap voltam, holnap arra fogok t\u00f6rekedni, hogy m\u00e9g jobb lehessek, mint ma. Ez lehet, hogy klis\u00e9nek hangzik, azonban [&hellip;]<\/p>\n","protected":false},"author":2,"featured_media":0,"parent":0,"menu_order":0,"comment_status":"closed","ping_status":"closed","template":"","meta":{"_mi_skip_tracking":false,"spay_email":""},"_links":{"self":[{"href":"https:\/\/silverliningideas.com\/index.php\/wp-json\/wp\/v2\/pages\/472"}],"collection":[{"href":"https:\/\/silverliningideas.com\/index.php\/wp-json\/wp\/v2\/pages"}],"about":[{"href":"https:\/\/silverliningideas.com\/index.php\/wp-json\/wp\/v2\/types\/page"}],"author":[{"embeddable":true,"href":"https:\/\/silverliningideas.com\/index.php\/wp-json\/wp\/v2\/users\/2"}],"replies":[{"embeddable":true,"href":"https:\/\/silverliningideas.com\/index.php\/wp-json\/wp\/v2\/comments?post=472"}],"version-history":[{"count":4,"href":"https:\/\/silverliningideas.com\/index.php\/wp-json\/wp\/v2\/pages\/472\/revisions"}],"predecessor-version":[{"id":514,"href":"https:\/\/silverliningideas.com\/index.php\/wp-json\/wp\/v2\/pages\/472\/revisions\/514"}],"wp:attachment":[{"href":"https:\/\/silverliningideas.com\/index.php\/wp-json\/wp\/v2\/media?parent=472"}],"curies":[{"name":"wp","href":"https:\/\/api.w.org\/{rel}","templated":true}]}}